23456?
6
What is the hundred millions digit of 3415356599?
4
What is the hundreds digit of 639937429?
4
What is the hundred millions digit of 3463653468?
4
What is the thousands digit of 805505440?
5
What is the hundreds digit of 48325924?
9
What is the millions digit of 55363451?
5
What is the hundred millions digit of 197159499?
1
What is the units digit of 1157402633?
3
What is the millions digit of 94423297?
4
What is the ten thousands digit of 3478741053?
4
What is the millions digit of 32974536?
2
What is the hundreds digit of 7144941781?
7
What is the hundred thousands digit of 63345263?
3
What is the millions digit of 4819073189?
9
What is the tens digit of 41194782?
8
What is the hundreds digit of 274682382?
3
What is the hundred millions digit of 201659028?
2
What is the tens digit of 91031188?
8
What is the ten millions digit of 32703969?
3
What is the units digit of 2955685285?
5
What is the ten millions digit of 543777093?
4
What is the units digit of 3228838793?
3
What is the units digit of 37570?
0
What is the tens digit of 20362595?
9
What is the millions digit of 389608701?
9
What is the millions digit of 1121166442?
1
What is the hundreds digit of 98142656?
6
What is the hundred millions digit of 2950151685?
9
What is the tens digit of 406967713?
1
What is the units digit of 203956457?
7
What is the hundreds digit of 41735720?
7
What is the ten thousands digit of 251509954?
0
What is the ten millions digit of 602874750?
0
What is the hundred thousands digit of 67362148?
3
What is the units digit of 97613165?
5
What is the millions digit of 79401075?
9
What is the tens digit of 2312529455?
5
What is the hundred thousands digit of 3480236524?
2
What is the thousands digit of 2898698347?
8
What is the hundred thousands digit of 849567893?
5
What is the hundred thousands digit of 164277228?
2
What is the ten thousands digit of 2917390322?
9
What is the millions digit of 5880684?
5
What is the tens digit of 41112248?
4
What is the ten millions digit of 270310164?
7
What is the millions digit of 7036091511?
6
What is the ten millions digit of 2371551977?
7
What is the hundred millions digit of 547794484?
5
What is the ten millions digit of 53855383?
5
What is the ten thousands digit of 6506104?
0
What is the tens digit of 263271798?
9
What is the tens digit of 839716762?
6
What is the hundred thousands digit of 98832020?
8
What is the tens digit of 677878700?
0
What is the hundred thousands digit of 1601316768?
3
What is the hundreds digit of 280775925?
9
What is the hundred millions digit of 4191187358?
1
What is the thousands digit of 1309258443?
8
What is the hundreds digit of 371205550?
5
What is the ten millions digit of 87806435?
8
What is the millions digit of 2205776893?
5
What is the tens digit of 165388054?
5
What is the millions digit of 3010078577?
0
What is the hundreds digit of 1737938?
9
What is the hundred thousands digit of 175967598?
9
What is the units digit of 6771594?
4
What is the hundred millions digit of 331788599?
3
What is the ten thousands digit of 945802913?
0
What is the hundred millions digit of 205638460?
2
What is the billions digit of 4734306536?
4
What is the millions digit of 640069019?
0
What is the hundreds digit of 220086707?
7
What is the thousands digit of 1728513036?
3
What is the thousands digit of 80163300?
3
What is the hundreds digit of 611597748?
7
What is the millions digit of 24347202?
4
What is the thousands digit of 55457740?
7
What is the ten millions digit of 138098916?
3
What is the millions digit of 2763772355?
3
What is the thousands digit of 48059376?
9
What is the hundred thousands digit of 381373741?
3
What is the ten thousands digit of 654842469?
4
What is the ten thousands digit of 706799367?
9
What is the hundreds digit of 500875895?
8
What is the tens digit of 373977940?
4
What is the ten millions digit of 560009733?
6
What is the hundreds digit of 1357784120?
1
What is the ten thousands digit of 49078868?
7
What is the ten millions digit of 563021360?
6
What is the tens digit of 198328323?
2
What is the ten thousands digit of 656303034?
0
What is the units digit of 3261225570?
0
What is the hundreds digit of 240200880?
8
What is the hundreds digit of 268944194?
1
What is the thousands digit of 56646135?
6
What is the millions digit of 628076701?
8
What is the units digit of 144935107?
7
What is the ten millions digit of 169532282?
6
What is the ten thousands digit of 205878686?
7
What is the tens digit of 480592115?
1
What is the ten millions digit of 173781670?
7
What is the ten millions digit of 93675271?
9
What is the hundred thousands digit of 841094001?
0
What is the millions digit of 325842951?
5
What is the thousands digit of 99151291?
1
What is the ten thousands digit of 744984490?
8
What is the hundreds digit of 16884503?
5
What is the hundreds digit of 2753879868?
8
What is the hundred thousands digit of 97895517?
8
What is the millions digit of 314964187?
4
What is the millions digit of 50922752?
0
What is the tens digit of 2084148736?
3
What is the tens digit of 6546262965?
6
What is the tens digit of 1426787918?
1
What is the hundreds digit of 122514931?
9
What is the hundreds digit of 45757713?
7
What is the thousands digit of 392673814?
3
What is the thousands digit of 66115258?
5
What is the hundred thousands digit of 450327054?
3
What is the millions digit of 492100896?
2
What is the ten millions digit of 72430018?
7
What is the ten millions digit of 41512021?
4
What is the tens digit of 3606847375?
7
What is the hundreds digit of 90893721?
7
What is the ten thousands digit of 108382012?
8
What is the ten millions digit of 14561642?
1
What is the thousands digit of 4495970693?
0
What is the hundreds digit of 104045012?
0
What is the units digit of 350930347?
7
What is the units digit of 46832001?
1
What is the hundreds digit of 56811026?
0
What is the hundred thousands digit of 288607475?
6
What is the thousands digit of 49465516?
5
What is the millions digit of 3676503?
3
What is the hundred thousands digit of 62251808?
2
What is the ten thousands digit of 2009027316?
2
What is the millions digit of 230890480?
0
What is the ten thousands digit of 706457181?
5
What is the ten thousands digit of 2767943?
6
What is the millions digit of 172056549?
2
What is the millions digit of 1189958364?
9
What is the thousands digit of 9731495?
1
What is the tens digit of 1259785710?
1
What is the thousands digit of 51610060?
0
What is the ten thousands digit of 92003981?
0
What is the hundred millions digit of 1107592196?
1
What is the ten thousands digit of 93474287?
7
What is the millions digit of 84084172?
4
What is the tens digit of 150039298?
9
What is the ten thousands digit of 58420994?
2
What is the ten millions digit of 395118622?
9
What is the hundreds digit of 6626805?
8
What is the hundred thousands digit of 113926681?
9
What is the millions digit of 1303236413?
3
What is the hundreds digit of 204050553?
5
What is the ten millions digit of 636067042?
3
What is the hundred thousands digit of 1504534143?
5
What is the millions digit of 673136498?
3
What is the ten thousands digit of 338941420?
4
What is the units digit of 648455043?
3
What is the hundreds digit of 627887240?
2
What is the ten thousands digit of 13908485?
0
What is the tens digit of 50548276?
7
What is the ten millions digit of 2975512184?
7
What is the tens digit of 50392732?
3
What is the millions digit of 277876926?
7
What is the hundred thousands digit of 2178534594?
5
What is the thousands digit of 7281441121?
1
What is the ten thousands digit of 482986425?
8
What is the units digit of 1896977681?
1
What is the hundred thousands digit of 6108249194?
2
What is the units digit of 46827913?
3
What is the units digit of 16555769?
9
What is the millions digit of 62711942?
2
What is the ten millions digit of 155382205?
5
What is the units digit of 71889715?
5
What is the hundred thousands digit of 294874064?
8
What is the hundreds digit of 1207259948?
9
What is the hundreds digit of 1736705246?
2
What is the ten thousands digit of 85798162?
9
What is the units digit of 555875416?
6
What is the units digit of 277901167?
7
What is the millions digit of 67574158?
7
What is the ten millions 